s the highest common divisor of q and 35?
7
Let k be ((-138)/(-4))/((-6)/(-56)). Suppose 4*s + k = 1586. Suppose -3*r = -4*r + 5*p + 100, -4*r + s = p. Calculate the highest common divisor of r and 16.
16
Let x(c) = c**3 + 97*c**2 + 282*c + 126. Let s be x(-94). Calculate the highest common divisor of s and 658.
14
Let w = -4009 - -4012. Let q = -11 - -17. Suppose -3*h + 51 = w*k, 4*h + q*k = 3*k + 65. Calculate the highest common factor of h and 56.
14
Let y(x) = 129*x**3 - 3*x**2 - x. Let p be y(-1). Let c = -51 - p. Calculate the highest common divisor of 64 and c.
16
Suppose 17*d - 18*d = -8*f + 186, 4*f + 2*d - 108 = 0. What is the greatest common divisor of 75 and f?
3
Let a = 27 - 25. Let k(o) = o - 2*o + 2*o + 36*o**2 + 0*o - a. Let v be k(-2). What is the greatest common factor of 28 and v?
28
Let o(t) = 16*t + 221. Let z be o(0). Let s = -210 + z. Calculate the highest common divisor of s and 187.
11
Suppose -58611 = -2*x - 58027. What is the highest common factor of 24382 and x?
146
Suppose -7*w + 227 - 31 = 0. Let q = 1474 - 1022. Suppose 3*u - 472 = q. Calculate the greatest common factor of w and u.
28
Let g(f) = 9*f**2 - 28*f + 154. Let x be g(6). What is the highest common factor of x and 30?
10
Let t be (45/10)/(116/(-56) - -2). Let r = t + 68. What is the greatest common factor of r and 45?
5
Let p be 21*2 + (-2 - -3). Suppose 21*c - 10852 - 3596 = 0. Calculate the highest common factor of c and p.
43
Let g = 12 - 8. Let t be (-14)/8*(-16)/4. Let w be 70/t*10/g. What is the highest common factor of 225 and w?
25
Let i(c) = c**3 - 21*c**2 - 94*c - 146. Let b be i(25). Let n be (-4)/(-6) + 644/6. What is the greatest common divisor of n and b?
4
Let g(q) = 3*q**3 + 241*q**2 + 529*q - 120. Let c be g(-78). What is the highest common factor of 36 and c?
18
Let u be -6 - -1959*20/30. Calculate the highest common factor of 195 and u.
65
Let i = -70 - -120. Suppose -396*x + 21930 = 15*x - 163020. What is the highest common divisor of x and i?
50
Let z be (4/(-2) - 14/8)*16. Let q be (-614)/(-10) - (-24)/z. What is the highest common factor of 305 and q?
61
Suppose 4*l - 3*d = 757, 14*d - 16*d + 742 = 4*l. Suppose -191*z + l*z + 480 = 0. Calculate the highest common factor of z and 144.
24
Let o(m) = -5*m**3 + m**2 + 6*m + 4. Let c be o(-1). Suppose -c*y - 8 = 0, y - 3*y = -3*a + 43. What is the highest common divisor of a and 481?
13
Let v be (5 - (2 + 45))/((-6)/4). Let f = v - 31. Let b be f + -21*(-3 - -2). Calculate the greatest common divisor of 72 and b.
18
Let p be ((-2)/(-4))/(2/4). Let q = -85985 + 86110. Calculate the highest common factor of p and q.
1
Let j = -356 - -584. Let p(a) = a**2 + 3*a + 20. Let r be p(24). Let f = -611 + r. Calculate the greatest common factor of j and f.
57
Let r = 28 + 5. Suppose 0 = 3*m - 3*w - 411, 3*m - 6*w = -r + 456. Calculate the greatest common divisor of m and 7.
7
Let g = 91 + -87. Suppose -g*p - 2*v - 2 - 12 = 0, 0 = -2*p - 5*v - 19. Let w be (p - (-44)/10)/((-6)/(-15)). Calculate the greatest common factor of w and 4.
2
Let x(z) = -z**3 + 33*z**2 + 66*z - 4. Let p be x(-2). Calculate the highest common factor of p and 1212.
4
Suppose 5*i - 24 = 11. Let v be i + -1 + -3 + 200. Calculate the highest common factor of v and 116.
29
Let c(u) = -10 - 14 + 2 + 37 - 77*u + 5*u**2. Let b be c(16). What is the greatest common divisor of 12 and b?
3
Let x = -1162 + 1269. Calculate the greatest common divisor of 11663 and x.
107
Suppose -3 = -q - q - 5*c, 3*c = -4*q + 27. Let p = 3200 + -2192. Suppose -3*t + p = 11*t. What is the highest common factor of q and t?
9
Let n be 8 - 10 - (-23 - 1). Let g = -669 - -1145. Suppose -3*h + 976 = h + 4*s, -2*h + 4*s = -g. Calculate the highest common factor of h and n.
22
Suppose 6*s - 65 = 37. Let h(j) = -j**3 - 9*j**2 - 11*j - 5. Let i be h(-8). Let w = i - s. Calculate the greatest common divisor of w and 4.
2
Let p = -9191 + 11686. What is the greatest common factor of 10 and p?
5
Let p = -42 + 43. Let x be 112/(-12)*(p - 4). Let b be (-8)/x*(-4 + -115). What is the greatest common divisor of 136 and b?
34
Let g = 5179 - 4819. Calculate the highest common factor of 792 and g.
72
Let x(h) = -35*h - 15. Let t be x(-1). Calculate the greatest common divisor of 95 and t.
5
Suppose -395*v + 394*v + 4*n + 1542 = 0, -3*n - 7659 = -5*v. Calculate the greatest common factor of 200 and v.
10
Let d be 5*(-3 - -1 - 3 - -3). Let f be d/(-15) - (76/(-3) - -4). What is the highest common divisor of 726 and f?
22
Suppose 2*n = 9*n - 763. Suppose -n = -4*d + 1379. What is the highest common factor of d and 12?
12
Suppose -4*u + 5*c + 921 = 0, -3*u - c = -6*c - 687. Let i be -3 - (u/21)/((-4)/28). Calculate the greatest common factor of i and 50.
25
Let t = -101 - -105. Suppose -2*o = -t*l + 22 - 130, 4*l = o - 50. What is the highest common factor of 87 and o?
29
Suppose -a + 24 = 3*t, -3*a + 7*t - 4*t = -72. Let y be (3 + 1)/((-5)/(-240)). Calculate the highest common divisor of y and a.
24
Let v be (-7760)/(-24) - (8/(-21) + (-8)/28). What is the greatest common divisor of 96 and v?
12
Let d = -141 + 146. Suppose d*z - 2*t + 7*t = 0, 2*t + 10 = 0. Let v be (10/(-4))/(4/(-56)). Calculate the greatest common factor of v and z.
5
Let n(i) = 67*i**2 + 87*i + 330. Let p be n(-4). What is the highest common factor of 34 and p?
34
Let o = 17544 + -12173. Calculate the highest common factor of o and 393.
131
Let d be 4/(-3)*105/(-20). Let p be (-7 + (d - 1))*-133. What is the greatest common factor of 14 and p?
7
Let x = 2123 + -1376. Suppose 2*b + 2*b - 2*o = 1482, -5*o = 2*b - x. What is the highest common divisor of b and 7?
7
Suppose -36752 = 84*u - 117392. Calculate the highest common divisor of 360 and u.
120
Let i be 42288/112 + 3/7. Calculate the highest common factor of i and 48.
6
Let p be 13970/10 - 90/(-9). Calculate the highest common divisor of p and 21.
21
Suppose -3 = -n - p + 2*p, 2*p = -n. Suppose n*i - 160 = i. Let x = -40814 - -40878. Calculate the highest common factor of i and x.
32
Suppose -4*n - 2383 = -5*w, -762*w - n + 948 = -760*w. Calculate the highest common divisor of 3230 and w.
95
Let q(f) = -21*f - 6. Let w = 112 - 116. Let y be q(w). Let k = 114 - y. What is the highest common factor of k and 324?
36
Let o be (4 + -1 - 15)/(6 + 572/(-91)). What is the highest common factor of 1407 and o?
21
Suppose 0 = -4*j + 36 + 48. Let b(y) = 3*y**3 + 2*y**2 - 11. Let x be b(2). What is the highest common factor of x and j?
21
Suppose -20 = 2*i + 22. Let y = 27 + i. Suppose -4*a = -y*a + 140. Calculate the highest common factor of a and 14.
14
Let x(l) = l**3 - 4*l**2 + 2. Let o be x(5). Suppose -5*f + 753 = q, -4*q + 1864 = -f - 1274. Calculate the highest common factor of q and o.
27
Let o = -27 - -96. Let r = 281 - 280. Let d be (-5)/(-20)*184/r. Calculate the greatest common factor of d and o.
23
Suppose -4*p + 60 = 13*u - 8*u, -p - 3 = -u. Let a = -1478 + 1510. What is the greatest common divisor of a and u?
8
Suppose 0 = 92*s - 95*s + 144. Suppose -4*d = 1 - 29. Let m be (-2)/d + 172/14. What is the highest common factor of s and m?
12
Suppose -2023 + 528 = -13*l. What is the highest common factor of 10 and l?
5
Let m = -3199 - -5350. What is the greatest common divisor of 18 and m?
9
Let f(l) = -17*l + 175. Let o be f(9). Let s be o/(-33) - (-256)/6. Calculate the greatest common factor of s and 189.
21
Let x(r) = 2*r**3 - 23*r**2 + 19*r + 64. Let h be x(16). What is the highest common factor of 32 and h?
16
Let f be (5 + -1)/(1/187). Let k(o) = o**3 + 4*o**2 - 7*o - 6. Let v be k(-4). What is the highest common divisor of v and f?
22
Suppose -12 + 12 = -7*o. Let z be 12*(3/2 + o). Let l = z + 1. What is the highest common factor of l and 209?
19
Let m(p) = -p**2 - p + 2. Let c be m(2). Let u(x) = -6 - 5 + 18 - 4 - x. Let a be u(c). What is the greatest common factor of 1 and a?
1
Suppose 7*x + 5*u = 72380, 5*x = 7*u - 12*u + 51710. Calculate the greatest common factor of 65 and x.
65
Suppose 4*h = -2*g + 6*g - 56, 0 = -g - 4*h + 34. Let q be (52/(-5) + 0)*(5341/98 + -77). Calculate the greatest common factor of g and q.
18
Let l be -1 - 5 - 7/(98/(-27818)). What is the greatest common factor of l and 7?
7
Suppose -g - 2181 + 2288 = 4*l, 668 